 (29 - 5) - 6
16
Calculate 6 - (0 + (6 - (16 - 0)) + 5).
11
25 + -20 - (1 - (24 - -3))
31
Evaluate (-22 - -29) + -6 + (2 - 4).
-1
What is -6 + 6 + 1 + 11?
12
What is the value of -8 + 0 + -5 + (-11 - (-1 + -6))?
-17
What is the value of -2 + 10 + 0 - (-31 - -28)?
11
What is the value of 11 - (0 + (1 - -7) + 1)?
2
What is 1 + (9 - 13) - (-1 + -1 - 2)?
1
What is the value of -3 + -5 - (3 - 8)?
-3
8 - (1 + 12 + -3 + 4)
-6
What is the value of (-96 - -83) + 0 + 6 + (10 - 3)?
0
Calculate 14 - (-6 - (-6 - -9 - (0 + 7))).
16
-4 - (-1 + 0 + (-6 + 13 - -18))
-28
Calculate -17 - (-8 + (15 - (7 - -10))).
-7
-13 + 16 + 13 + -14
2
What is the value of (7 - 9) + ((-6 - -7) + -3 - 1)?
-5
Evaluate -4 + 26 + -3 - 19.
0
What is the value of 14 - (27 + (2 + 8 - 0))?
-23
Evaluate 56 + (-27 - (-34 + 39)).
24
Evaluate 6 - (11 - (0 - -9) - -3).
1
What is the value of 1 - (25 + (-10 - (-5 + 4)))?
-15
What is the value of 9 + (21 - 6) + -16?
8
1 + -1 - (9 + -5 + 2 + -9)
3
Evaluate 8 + (2 - 11) + 3 - (-4 - 0).
6
Calculate -7 - (3 + 3 + (-15 - -9)).
-7
Evaluate 68 - 68 - (-1 + (-3 - 10)).
14
Evaluate -12 + (28 - (-34 - -32)).
18
(-16 - -16) + -5 + (-9 - -2)
-12
What is 9 + -1 + (24 - (-3 + 35)) + -9?
-9
Calculate (9 - 4) + (1 - (-7 + 4)) + -1.
8
5 - (-1 - (5 - (-2 + 3 - -4)))
6
(15 - -1) + (-7 - 11)
-2
-447 + 452 - (11 - (0 + -2))
-8
Calculate -27 + (-14 - -28 - -32).
19
What is 19 - (-19 - -5 - -11)?
22
Evaluate 2 - ((22 - 5) + -15).
0
What is (6 + 7 - 7) + -5 - (-2 + -6)?
9
-2 - (14 + -7 + 22 - (7 + 2))
-22
What is 0 + 20 + 2 - (11 - (8 - 2))?
17
What is the value of 11 - (2 + (8 - 6)) - (0 - -7)?
0
Evaluate -22 + 21 + 1 + -19.
-19
(39 - 6) + -20 + 6
19
What is the value of (13 + (13 - 12) - 14) + (14 - -1)?
15
What is 0 + 3 - (-14 + 42 - 6)?
-19
What is the value of 7 + 6 + (5 + 3 + -10 - 7)?
4
Calculate -11 - ((31 - 41) + (3 - 0)).
-4
13 + 2 - (7 + 19)
-11
What is the value of 0 - ((-6 - -7) + -3 + 8)?
-6
Calculate 58 + -41 + (1 - 11).
7
(-11 - -23) + (1 - 22) + 17
8
Calculate (45 - 1) + (-15 - -8 - (22 + -17)).
32
What is the value of -164 - -155 - (-5 - -1)?
-5
What is the value of 0 - (-9 - -14) - (2 + -6)?
-1
What is the value of -5 + (0 + -6 - -29) + -5?
13
Evaluate -2 + 2 + -8 - (-8 - (6 - 9)).
-3
Evaluate -11 - (-28 + -4 - 2 - 0).
23
What is the value of -19 + 26 + (-10 - (0 - 4 - -3))?
-2
What is the value of -17 - -13 - (6 + -3)?
-7
What is the value of ((18 - 8) + -15 - -4) + 5 + -2?
2
What is (12 + -3 - 21) + 27?
15
Calculate 2 + (6 - 11) - (0 - -4).
-7
Calculate (9 - (-1 - -6)) + -17 + 0 + 6.
-7
8 + (2 - -4 - (0 + 23))
-9
2 + -16 + -5 + 5 + 4
-10
Calculate 12 + -1 + (179 - 195 - (14 - -5)).
-24
-14 + (-1 + (5 - 0) - 4 - 1)
-15
What is 6 + (-9 + 13 - -6) + -7 + 1?
10
(21 - (-16 - -32) - (3 + -43)) + -9
36
-67 + 69 + (3 + -26 - -4)
-17
(-10 - -17) + -15 + 41 - 13
20
What is 12 + -4 + 2 + (-5 - (6 + -9))?
8
(-3 - (-36 + 49)) + -16
-32
(24 + -24 - (0 - 2)) + (2 - 0)
4
What is the value of 1 - 14 - (-186 + 169)?
4
Evaluate (15 - 8) + -20 + 4.
-9
Calculate 13 + (4 - 28) + 11.
0
What is (-39 - -18) + -1 + 12?
-10
What is 4 + (-18 + 5 - 1) + (25 - 17)?
-2
Evaluate 18 - (-43 - (1 - 37)).
25
Calculate (21 + (-12 - -8) - 4) + 11.
24
-18 - -1 - (-1 - -40 - 44)
-12
What is (-23 - (-12 + 3)) + 17?
3
What is (-1 - ((-1 - -3) + 0)) + 18 + -19?
-4
Evaluate 2 - (10 - (23 - 7)).
8
Calculate (0 + (3 - 4) - (-21 - -14)) + -14.
-8
(3 - (3 + -7)) + -3 + (4 - 7)
1
Evaluate (8 - -2) + 5 + -43 + 6 + 9.
-13
Evaluate -24 + 21 - (-2 + -1) - -1.
1
Calculate 37 + -35 + 17 + -8 + 2.
13
What is the value of (-2 - (-3 + 2)) + -64 + 63?
-2
Calculate 2 - 2 - 5 - (-1546 - -1536).
5
What is the value of (-3 - ((5 - -1) + -16)) + (-27 - 0)?
-20
Evaluate 14 + (-27 - -9 - (2 + -11)).
5
Evaluate (-11 + 20 - (3 + 8)) + 20.
18
Calculate 23 + -11 + -6 - (3 - 1).
4
What is the value of 7 + (-5 + 6 - -6) + -6?
8
Evaluate -4 - -17 - (20 - 6).
-1
Evaluate -15 - (-11 + (-11 - -8)).
-1
Calculate -111 - -110 - (0 + -3).
2
What is the value of 24 + -21 + 0 + 4?
7
Evaluate -6 + 13 + -3 - (-4 - -3).
5
-22 + (-21 + 49 - -10)
16
What is 8 - (7 - 7 - -4 - -7)?
-3
-1 + 9 + 5 + -10 + 3
6
Calculate -5 + 0 + (130 - 131).
-6
1 + (30 - 14 - 14)
3
Evaluate -22 - (16 + (-14 - (6 - 7))).
-25
5 - (-12 + 28) - -12
1
(23 + -4 - 4) + -40 + 3
-22
What is 11 + -9 - -7 - (-5 - -34 - 1)?
-19
What is the value of -2 - (2 - 4) - 4 - (-3 + 6)?
-7
Evaluate -16 + (0 + -1 - ((1 - 24) + 18)).
-12
Evaluate -2 + 14 - ((4 - 5) + -5).
18
What is (-16 - (-1 - -1)) + 31 + -18?
-3
Evaluate 12 + (-20 - ((-11 - -3) + -1)).
1
Evaluate (38 - 51 - (1 - 0)) + 26.
12
Evaluate (-6 + (11 - 18) - -6) + -2.
-9
Evaluate -4 - (9 - (-8 - -12)).
-9
Evaluate -3 + (-15 + 12 - -2) + -10.
-14
-21 + -2 + 82 + -70
-11
22 + (-45 - (-5 - 14))
-4
-3 + 3 + 7 + (-29 - -14) + 3
-5
What is the value of -6 - (-8 + -3) - -1?
6
What is the value of 1 + -2 + 18 - (5 + -1 - -1)?
12
Evaluate (-8 - -3) + 37 + -31.
1
Evaluate -44 + (69 - 21) + 11 + 1.
16
What is the value of -33 - 6 - (-56 + 31)?
-14
3 + -20 + 179 + -165
-3
Calculate (-17 - 9) + 5 - (2 + -5 + 0).
-18
What is -23 + (69 - 23) + -26?
-3
What is 9 - (-13 - -14) - -1?
9
Calculate 1 - 0 - (-7 - (9 + -19 - -4)).
2
What is 0 + 40 - (-85 + (74 - -27))?
24
What is the value of 47 + -43 + -4 + 0?
0
Evaluate -332 + 304 - (3 + -30).
-1
Calculate 547 - 536 - (-3 - (-2 + -1 + -2)).
9
Calculate 15 + (61 - 50 - (0 - -25)).
1
(-6 - (2 + 3) - (17 - 25)) + -11
-14
What is (-3 - (-9 + 7 - -5) - -7) + 5?
6
What is -6 - -21 - (17 - 7) - -11?
16
16 - -1 - 27 - (5 + 0)
-15
Evaluate (26 - (12 + -4)) + -6 - -2.
14
-10 + (17 - (39 + -23)) + 1 + 7
-1
4 + 0 - ((27 - 9) + -9)
-5
What is 8 + 1 - (12 - 4) - -18?
19
Calculate -4 - (11 + (15 + -29 - -34)).
-35
What is the value of 3 + (30 - 28) - 15?
-10
0 + 2 - 7 - (6 - 0 - 32)
21
What is the value of 143 + -107 - (-2 + 28)?
10
What is -45 - -48 - (-11 - 0) - 9?
5
Evaluate 0 + -2 - (5 + 3) - (5 - -1).
-16
Calculate 246 - 260 - (0 - 18).
4
What is the value of (22 - 12) + -5 + -7?
-2
What is the value of -23 + 15 + -9 + 22?
5
What is the value of (-1 - 7) + (8 - (-5 + 5 + 8))?
-8
1 + -5 - (12 - (5 - -26))
15
What is -9 - 1 - (1 + -6 + 3)?
-8
-2 + ((-1 - -4) + -4 - 2) - -6
1
1 - 39 - (16 + 8 + -18 - 12)
-32
What is 4 - (33 - (16 - 5))?
-18
(-16 - -22) + -4 + 1 + 1 + 4
8
Evaluate (-24 + 8 - -34) + -21.
-3
What is (-57 - -41) + -2 + 7?
-11
(4 - (-10 + 5)) + -1 + -12
-4
What is -12 - ((-4 + -5 - 10) + -2)?
9
2 + -7 - 0 - 3 - (13 + 17)
-38
What is the value of -12 + (1 - (3 + -9 - (-8 + 8)))?
-5
What is the value of -8 - (-5 - (6 - -7)) - (12 + -16)?
14
7 + (-1 - (22 + -6) - 4)
-14
What is the value of -24 - (4 - (6 + 2) - (-12 + 16))?
-16
What is the value of (-3 - 0) + -13 + 38 + -19?
3
Evaluate (2 - 0) + 26 + -32.
-4
Calculate -13 - (-5 + -12 + (-2 - -4)).
2
Calculate -4 - (-9 - -3 - (4 + -20 + 2)).
-12
What is the value of (5 - 0) + (-10 - 0 - (636 - 617))?
-24
What is the value of (1 - 1 - (35 + -38)) + -2 - -20?
21
Evaluate -17 + (-12 - (-18 - -7 - -2)).
-20
Evaluate (-2 - 7) + (-31 - -43) - (3 - -2).
-2
What is 8 - (12 + (-2 - 9))?
7
3 + -3 - (0 + (12 - 15))
3
Calculate 0 + -4 + 2 + -7 + -7 + 13.
-3
What is 5 + -10 - (4 + -2 + 1)?
-8
(-19 - (9 - 12)) + 26
10
What is the value of (9 - (7 + 3)) + -6 - (3 - 7)?
-3
Calculate 35 + -5 + -41 + -14 + 0.
-25
1 + 2 + -29 - (-11 - 9 - -14)
-20
(20 - (6 - -3)) + (-1 - 0) + -4
6
Evaluate (5 - (3 - 1)) + (7 - (20 + 6)).
-16
Calculate -4 - (4 - 0 - 1 - -5).
-12
What is (8 + -8 - 8) + (1 - -6)?
-1
What is the value of 22 + (-11 - (7 + 25))?
-21
Evaluate (26 - -22) + -23 + -18.
7
What is the value of (-2 - -2) + -3 + 3 + -6 + -1?
-7
What is (0 - 0 - -11) + 747 + -754?
4
Calculate (6 - -1) + -68 + 68 + -8 + -26.
-27
Calculate 5 - 14 - -16 - 1 - (-4 + 1).
9
Evaluate -5 + (16 - 3) + -8 + 1 - -10.
11
Evaluate 8 - (57 - 49 - (-1 - 2)).
-3
16 - 12 - (7 - 4 - -4) - 11
-14
Evaluate 2 + (-3 - -2) + -1 - (7 + -15).
8
What is the value of -8 + (-3 + 0 - 8) + 3?
-16
-28 + (36 + 28 - 16)
20
Evaluate -12 + (17 - 27) + 18.
-4
Evaluate 0 + 10 - (13 + -12 - (-2 - 2)).
5
What is the value of 832 + -830 - (16 + 0)?
-14
Evaluate -29 + 28 + 13 + 8.
20
Calculate 15 - 2 - (-34 - (-33 + -9)).
5
What is 4 + -4 - (-7 + 18 + (-5 - -6))?
-12
0 - 1 - (-36 + (16 - -6))
13
Evaluate -2